17
Calculate the remainder when 6200 is divided by 117.
116
Calculate the remainder when 3102 is divided by 27.
24
What is the remainder when 925 is divided by 306?
7
What is the remainder when 816 is divided by 9?
6
What is the remainder when 36479 is divided by 12?
11
What is the remainder when 982 is divided by 20?
2
Calculate the remainder when 401 is divided by 133.
2
What is the remainder when 4205 is divided by 6?
5
What is the remainder when 41 is divided by 11?
8
Calculate the remainder when 141 is divided by 73.
68
What is the remainder when 537 is divided by 25?
12
Calculate the remainder when 3204 is divided by 532.
12
What is the remainder when 1673 is divided by 555?
8
What is the remainder when 628 is divided by 91?
82
What is the remainder when 184 is divided by 16?
8
What is the remainder when 1554 is divided by 384?
18
Calculate the remainder when 1596 is divided by 31.
15
What is the remainder when 192 is divided by 13?
10
Calculate the remainder when 22 is divided by 12.
10
What is the remainder when 174 is divided by 59?
56
Calculate the remainder when 338 is divided by 94.
56
What is the remainder when 90 is divided by 4?
2
What is the remainder when 83 is divided by 76?
7
What is the remainder when 1601 is divided by 11?
6
Calculate the remainder when 2023 is divided by 21.
7
Calculate the remainder when 1218 is divided by 25.
18
Calculate the remainder when 1394 is divided by 93.
92
What is the remainder when 339 is divided by 85?
84
What is the remainder when 714 is divided by 204?
102
Calculate the remainder when 207 is divided by 42.
39
Calculate the remainder when 158 is divided by 18.
14
What is the remainder when 64 is divided by 24?
16
What is the remainder when 290 is divided by 100?
90
What is the remainder when 890 is divided by 88?
10
What is the remainder when 6383 is divided by 1063?
5
What is the remainder when 316 is divided by 13?
4
What is the remainder when 4718 is divided by 139?
131
What is the remainder when 439 is divided by 152?
135
What is the remainder when 168 is divided by 29?
23
Calculate the remainder when 46 is divided by 36.
10
What is the remainder when 951 is divided by 68?
67
What is the remainder when 117 is divided by 75?
42
Calculate the remainder when 281 is divided by 173.
108
Calculate the remainder when 129 is divided by 10.
9
Calculate the remainder when 1171 is divided by 84.
79
What is the remainder when 12188 is divided by 230?
228
Calculate the remainder when 18 is divided by 16.
2
What is the remainder when 70 is divided by 7?
0
What is the remainder when 185 is divided by 18?
5
Calculate the remainder when 212 is divided by 63.
23
What is the remainder when 12805 is divided by 183?
178
Calculate the remainder when 3056 is divided by 96.
80
What is the remainder when 172 is divided by 26?
16
Calculate the remainder when 121 is divided by 15.
1
What is the remainder when 13 is divided by 12?
1
Calculate the remainder when 171 is divided by 97.
74
What is the remainder when 281 is divided by 15?
11
What is the remainder when 508 is divided by 137?
97
What is the remainder when 643 is divided by 31?
23
Calculate the remainder when 434 is divided by 433.
1
Calculate the remainder when 1057 is divided by 21.
7
What is the remainder when 71 is divided by 15?
11
Calculate the remainder when 90 is divided by 11.
2
What is the remainder when 1014 is divided by 246?
30
Calculate the remainder when 95 is divided by 49.
46
Calculate the remainder when 164 is divided by 5.
4
What is the remainder when 711 is divided by 65?
61
Calculate the remainder when 170 is divided by 7.
2
Calculate the remainder when 916 is divided by 114.
4
Calculate the remainder when 1985 is divided by 659.
8
Calculate the remainder when 631 is divided by 198.
37
What is the remainder when 249 is divided by 86?
77
Calculate the remainder when 882 is divided by 440.
2
What is the remainder when 1453 is divided by 91?
88
Calculate the remainder when 53 is divided by 9.
8
Calculate the remainder when 454 is divided by 8.
6
What is the remainder when 715 is divided by 103?
97
Calculate the remainder when 3067 is divided by 56.
43
What is the remainder when 67 is divided by 20?
7
Calculate the remainder when 24 is divided by 8.
0
Calculate the remainder when 423 is divided by 86.
79
Calculate the remainder when 1348 is divided by 170.
158
What is the remainder when 28 is divided by 13?
2
What is the remainder when 228 is divided by 103?
22
Calculate the remainder when 289 is divided by 93.
10
What is the remainder when 626 is divided by 19?
18
Calculate the remainder when 382 is divided by 32.
30
What is the remainder when 2857 is divided by 13?
10
What is the remainder when 98 is divided by 35?
28
What is the remainder when 759 is divided by 735?
24
Calculate the remainder when 13 is divided by 5.
3
Calculate the remainder when 122 is divided by 50.
22
Calculate the remainder when 116 is divided by 24.
20
Calculate the remainder when 192 is divided by 162.
30
What is the remainder when 2172 is divided by 128?
124
What is the remainder when 20058 is divided by 20?
18
What is the remainder when 590 is divided by 28?
2
Calculate the remainder when 220 is divided by 25.
20
Calculate the remainder when 518 is divided by 132.
122
What is the remainder when 614 is divided by 14?
12
Calculate the remainder when 1346 is divided by 147.
23
What is the remainder when 158 is divided by 13?
2
Calculate the remainder when 238 is divided by 27.
22
What is the remainder when 9943 is divided by 13?
11
Calculate the remainder when 150 is divided by 65.
20
What is the remainder when 664 is divided by 7?
6
What is the remainder when 1461 is divided by 366?
363
Calculate the remainder when 3687 is divided by 413.
383
What is the remainder when 88 is divided by 18?
16
Calculate the remainder when 166 is divided by 58.
50
What is the remainder when 4090 is divided by 46?
42
Calculate the remainder when 93 is divided by 25.
18
Calculate the remainder when 7468 is divided by 18.
16
Calculate the remainder when 2192 is divided by 275.
267
What is the remainder when 828 is divided by 209?
201
Calculate the remainder when 958 is divided by 96.
94
Calculate the remainder when 1598 is divided by 100.
98
Calculate the remainder when 388 is divided by 134.
120
Calculate the remainder when 224 is divided by 182.
42
What is the remainder when 336 is divided by 14?
0
What is the remainder when 1100 is divided by 101?
90
Calculate the remainder when 2 is divided by 2.
0
What is the remainder when 6213 is divided by 12?
9
What is the remainder when 1735 is divided by 11?
8
Calculate the remainder when 160 is divided by 55.
50
Calculate the remainder when 1535 is divided by 16.
15
What is the remainder when 127 is divided by 35?
22
What is the remainder when 170 is divided by 6?
2
Calculate the remainder when 1078 is divided by 213.
13
Calculate the remainder when 802 is divided by 79.
12
What is the remainder when 366 is divided by 29?
18
What is the remainder when 758 is divided by 43?
27
What is the remainder when 181 is divided by 51?
28
What is the remainder when 318 is divided by 288?
30
Calculate the remainder when 361 is divided by 72.
1
Calculate the remainder when 480 is divided by 476.
4
Calculate the remainder when 492 is divided by 122.
4
Calculate the remainder when 218 is divided by 45.
38
What is the remainder when 76 is divided by 30?
16
Calculate the remainder when 3123 is divided by 2.
1
What is the remainder when 227 is divided by 53?
15
Calculate the remainder when 1793 is divided by 12.
5
Calculate the remainder when 1272 is divided by 580.
112
What is the remainder when 210 is divided by 18?
12
Calculate the remainder when 3117 is divided by 1036.
9
Calculate the remainder when 264 is divided by 69.
57
What is the remainder when 3625 is divided by 30?
25
What is the remainder when 659 is divided by 30?
29
Calculate the remainder when 1479 is divided by 32.
7
Calculate the remainder when 4 is divided by 3.
1
Calculate the remainder when 145 is divided by 45.
10
Calculate the remainder when 23 is divided by 9.
5
Calculate the remainder when 1398 is divided by 35.
33
Calculate the remainder when 1907 is divided by 633.
8
What is